3660 and 20?
20
Calculate the highest common divisor of 172 and 1978.
86
Calculate the greatest common divisor of 5428 and 4012.
236
What is the greatest common factor of 325 and 175?
25
Calculate the highest common factor of 6 and 288.
6
What is the highest common factor of 8964 and 83?
83
Calculate the greatest common divisor of 8 and 158.
2
What is the greatest common factor of 70 and 98?
14
What is the highest common divisor of 70902 and 27?
27
Calculate the highest common divisor of 272 and 16.
16
Calculate the greatest common factor of 384 and 1236.
12
Calculate the highest common factor of 3094 and 392.
14
Calculate the greatest common divisor of 301 and 86.
43
What is the highest common factor of 174 and 12?
6
What is the greatest common divisor of 1876 and 140?
28
Calculate the highest common factor of 120 and 270.
30
What is the highest common factor of 348 and 36?
12
Calculate the greatest common factor of 1102 and 228.
38
What is the highest common factor of 450 and 600?
150
Calculate the greatest common divisor of 100 and 60700.
100
What is the highest common divisor of 10 and 610?
10
Calculate the greatest common factor of 427 and 42.
7
What is the highest common divisor of 369 and 3772?
41
Calculate the greatest common divisor of 2009 and 41.
41
What is the highest common divisor of 51 and 12?
3
Calculate the highest common divisor of 336 and 238.
14
Calculate the highest common divisor of 3 and 3271.
1
What is the greatest common divisor of 4500 and 48?
12
Calculate the highest common factor of 1177 and 132.
11
What is the greatest common divisor of 90 and 20?
10
What is the highest common factor of 2222 and 1414?
202
What is the greatest common factor of 4945 and 115?
115
What is the greatest common divisor of 20 and 320?
20
What is the greatest common divisor of 1 and 11?
1
Calculate the highest common factor of 1071 and 34.
17
What is the greatest common divisor of 5609 and 79?
79
Calculate the greatest common factor of 8190 and 91.
91
Calculate the greatest common divisor of 15 and 645.
15
What is the highest common divisor of 770 and 5?
5
What is the greatest common factor of 259 and 74?
37
Calculate the greatest common factor of 480 and 144.
48
What is the greatest common factor of 2112 and 312?
24
Calculate the highest common factor of 36 and 99.
9
Calculate the highest common divisor of 176 and 656.
16
Calculate the highest common factor of 1368 and 24.
24
What is the greatest common factor of 680 and 40?
40
Calculate the greatest common divisor of 343 and 91.
7
What is the greatest common divisor of 4389 and 77?
77
What is the greatest common factor of 18 and 1962?
18
What is the greatest common divisor of 135 and 4215?
15
What is the greatest common factor of 1068 and 12?
12
What is the greatest common factor of 3219 and 87?
87
What is the highest common factor of 40 and 670?
10
What is the greatest common divisor of 6 and 440?
2
Calculate the highest common divisor of 144 and 1104.
48
Calculate the highest common divisor of 255 and 705.
15
What is the highest common factor of 35 and 55?
5
Calculate the greatest common divisor of 68 and 425.
17
What is the greatest common divisor of 183 and 61?
61
Calculate the greatest common factor of 200 and 24.
8
What is the highest common divisor of 9487 and 106?
53
What is the greatest common divisor of 868 and 28?
28
Calculate the highest common factor of 80 and 360.
40
Calculate the highest common divisor of 32 and 184.
8
Calculate the highest common factor of 8 and 72.
8
What is the highest common factor of 601 and 1?
1
Calculate the greatest common factor of 273 and 42.
21
Calculate the highest common divisor of 45 and 90.
45
What is the highest common factor of 1944 and 2?
2
What is the highest common factor of 4292 and 928?
116
Calculate the greatest common divisor of 3296 and 8.
8
Calculate the greatest common factor of 38 and 247.
19
What is the greatest common divisor of 1730 and 250?
10
Calculate the highest common divisor of 99 and 1305.
9
Calculate the highest common factor of 204 and 11492.
68
What is the greatest common factor of 989 and 86?
43
Calculate the greatest common divisor of 2849 and 77.
77
Calculate the greatest common divisor of 274 and 8.
2
What is the greatest common divisor of 26 and 1482?
26
Calculate the highest common divisor of 116 and 68.
4
Calculate the highest common factor of 1159 and 38.
19
Calculate the highest common divisor of 10455 and 410.
205
What is the highest common factor of 486 and 306?
18
What is the greatest common divisor of 13 and 117?
13
Calculate the highest common divisor of 3258 and 10136.
362
Calculate the greatest common factor of 117 and 21177.
117
Calculate the greatest common divisor of 10800 and 800.
400
Calculate the highest common factor of 88 and 55.
11
Calculate the highest common factor of 25024 and 192.
64
Calculate the highest common factor of 24 and 5700.
12
Calculate the highest common factor of 90 and 585.
45
Calculate the greatest common factor of 468 and 72.
36
What is the greatest common factor of 10926 and 18?
18
Calculate the highest common divisor of 132 and 9812.
44
Calculate the greatest common factor of 705 and 45.
15
Calculate the highest common divisor of 363 and 3.
3
What is the greatest common divisor of 437 and 608?
19
Calculate the greatest common divisor of 75 and 27675.
75
What is the greatest common factor of 8 and 108?
4
What is the highest common factor of 497 and 14?
7
What is the greatest common factor of 10205 and 130?
65
Calculate the greatest common divisor of 360 and 270.
90
What is the greatest common factor of 2193 and 51?
51
Calculate the highest common divisor of 62 and 217.
31
Calculate the highest common factor of 55 and 2046.
11
What is the highest common divisor of 209 and 110?
11
What is the highest common divisor of 1365 and 1404?
39
What is the highest common factor of 7 and 10997?
7
Calculate the greatest common factor of 19368 and 36.
36
Calculate the greatest common divisor of 394 and 591.
197
Calculate the highest common divisor of 2976 and 18.
6
What is the highest common divisor of 84071 and 377?
377
Calculate the greatest common factor of 27 and 216.
27
Calculate the greatest common divisor of 45346 and 79.
79
What is the greatest common divisor of 836 and 551?
19
Calculate the highest common factor of 121 and 3872.
121
What is the greatest common factor of 2816 and 880?
176
What is the highest common factor of 396 and 81?
9
Calculate the highest common divisor of 864 and 12.
12
Calculate the greatest common factor of 87 and 315.
3
What is the greatest common divisor of 7 and 7329?
7
What is the highest common divisor of 33 and 143?
11
What is the greatest common divisor of 168 and 112?
56
Calculate the greatest common divisor of 27 and 855.
9
Calculate the greatest common divisor of 639 and 9.
9
Calculate the greatest common divisor of 475 and 285.
95
What is the greatest common factor of 1218 and 14?
14
What is the highest common factor of 219 and 6?
3
What is the highest common divisor of 674 and 4?
2
What is the highest common factor of 767 and 13?
13
Calculate the greatest common factor of 637 and 13.
13
What is the greatest common factor of 21630 and 10?
10
Calculate the highest common factor of 9 and 3447.
9
Calculate the highest common factor of 63 and 7.
7
Calculate the greatest common divisor of 76 and 2926.
38
Calculate the highest common divisor of 13915 and 115.
115
What is the greatest common factor of 13 and 871?
13
What is the greatest common divisor of 437 and 2?
1
What is the greatest common divisor of 108 and 2619?
27
Calculate the greatest common divisor of 2044 and 28.
28
What is the highest common divisor of 175 and 14?
7
What is the greatest common divisor of 553 and 77?
7
What is the highest common divisor of 156 and 16?
4
Calculate the highest common divisor of 119 and 5032.
17
What is the highest common divisor of 12 and 246?
6
What is the highest common divisor of 12 and 108?
12
Calculate the highest common factor of 265 and 1749.
53
Calculate the highest common factor of 207 and 23.
23
Calculate the highest common divisor of 354 and 2.
2
Calculate the greatest common factor of 1221 and 33.
33
What is the highest common divisor of 7